{"id":180,"date":"2019-02-04T19:44:51","date_gmt":"2019-02-04T19:44:51","guid":{"rendered":"http:\/\/wormuthimmobilien.de\/?page_id=180"},"modified":"2020-03-10T12:26:37","modified_gmt":"2020-03-10T12:26:37","slug":"datenschutzerklaerung","status":"publish","type":"page","link":"https:\/\/wormuthimmobilien.de\/?page_id=180","title":{"rendered":"Datenschutzerkl\u00e4rung"},"content":{"rendered":"\n<p><strong>Allgemeiner\nHinweis und Pflichtinformationen<\/strong><\/p>\n\n\n\n<p><strong>Benennung\nder verantwortlichen Stelle<\/strong><\/p>\n\n\n\n<p>Die\nverantwortliche Stelle f\u00fcr die Datenverarbeitung auf dieser Website ist:<\/p>\n\n\n\n<p>Wormuth Immobilien Marketing &amp; Homestaging<br>Silke Wormuth<br>Trainerweg 6<br>15366 Hoppegarten<\/p>\n\n\n\n<p>Telefon:  +49 (0) 173 239 84 78<br>Email: wormuth.silke@web.de<br><\/p>\n\n\n\n<p><\/p>\n\n\n\n<p>Die\nverantwortliche Stelle entscheidet allein oder gemeinsam mit anderen \u00fcber die\nZwecke und Mittel der Verarbeitung von personenbezogenen Daten (z.B. Namen,\nKontaktdaten o. \u00c4.).<\/p>\n\n\n\n<p><strong>Widerruf\nIhrer Einwilligung zur Datenverarbeitung<\/strong><\/p>\n\n\n\n<p>Nur mit Ihrer\nausdr\u00fccklichen Einwilligung sind einige Vorg\u00e4nge der Datenverarbeitung m\u00f6glich.\nEin Widerruf Ihrer bereits erteilten Einwilligung ist jederzeit m\u00f6glich. F\u00fcr\nden Widerruf gen\u00fcgt eine formlose Mitteilung per E-Mail. Die Rechtm\u00e4\u00dfigkeit der\nbis zum Widerruf erfolgten Datenverarbeitung bleibt vom Widerruf unber\u00fchrt.<\/p>\n\n\n\n<p><strong>Recht\nauf Beschwerde bei der zust\u00e4ndigen Aufsichtsbeh\u00f6rde<\/strong><\/p>\n\n\n\n<p>Als\nBetroffener steht Ihnen im Falle eines datenschutzrechtlichen Versto\u00dfes ein\nBeschwerderecht bei der zust\u00e4ndigen Aufsichtsbeh\u00f6rde zu. Zust\u00e4ndige Aufsichtsbeh\u00f6rde\nbez\u00fcglich datenschutzrechtlicher Fragen ist der Landesdatenschutzbeauftragte\ndes Bundeslandes, in dem sich der Sitz unseres Unternehmens befindet. Der\nfolgende Link stellt eine Liste der Datenschutzbeauftragten sowie deren\nKontaktdaten bereit: <a href=\"https:\/\/www.bfdi.bund.de\/DE\/Infothek\/Anschriften_Links\/anschriften_links-node.html\" target=\"_blank\" rel=\"noreferrer noopener\">https:\/\/www.bfdi.bund.de\/DE\/Infothek\/Anschriften_Links\/anschriften_links-node.html<\/a>.<\/p>\n\n\n\n<p><strong>Recht\nauf Daten\u00fcbertragbarkeit<\/strong><\/p>\n\n\n\n<p>Ihnen steht\ndas Recht zu, Daten, die wir auf Grundlage Ihrer Einwilligung oder in Erf\u00fcllung\neines Vertrags automatisiert verarbeiten, an sich oder an Dritte aush\u00e4ndigen zu\nlassen. Die Bereitstellung erfolgt in einem maschinenlesbaren Format. Sofern\nSie die direkte \u00dcbertragung der Daten an einen anderen Verantwortlichen\nverlangen, erfolgt dies nur, soweit es technisch machbar ist.<\/p>\n\n\n\n<p><strong>Recht\nauf Auskunft, Berichtigung, Sperrung, L\u00f6schung<\/strong><\/p>\n\n\n\n<p>Sie haben\njederzeit im Rahmen der geltenden gesetzlichen Bestimmungen das Recht auf\nunentgeltliche Auskunft \u00fcber Ihre gespeicherten personenbezogenen Daten,\nHerkunft der Daten, deren Empf\u00e4nger und den Zweck der Datenverarbeitung und\nggf. ein Recht auf Berichtigung, Sperrung oder L\u00f6schung dieser Daten.\nDiesbez\u00fcglich und auch zu weiteren Fragen zum Thema personenbezogene Daten\nk\u00f6nnen Sie sich jederzeit \u00fcber die im Impressum aufgef\u00fchrten\nKontaktm\u00f6glichkeiten an uns wenden.<\/p>\n\n\n\n<p><strong>SSL-\nbzw. TLS-Verschl\u00fcsselung<\/strong><\/p>\n\n\n\n<p>Aus\nSicherheitsgr\u00fcnden und zum Schutz der \u00dcbertragung vertraulicher Inhalte, die\nSie an uns als Seitenbetreiber senden, nutzt unsere Website eine SSL-bzw.\nTLS-Verschl\u00fcsselung. Damit sind Daten, die Sie \u00fcber diese Website \u00fcbermitteln,\nf\u00fcr Dritte nicht mitlesbar. Sie erkennen eine verschl\u00fcsselte Verbindung an der\n\u201ehttps:\/\/\u201c Adresszeile Ihres Browsers und am Schloss-Symbol in der\nBrowserzeile.<\/p>\n\n\n\n<p><strong>Server-Log-Dateien<\/strong><\/p>\n\n\n\n<p>In\nServer-Log-Dateien erhebt und speichert der Provider der Website automatisch\nInformationen, die Ihr Browser automatisch an uns \u00fcbermittelt. Dies sind:<\/p>\n\n\n\n<ul class=\"wp-block-list\"><li>Besuchte Seite auf unserer Domain<\/li><li>Datum und Uhrzeit der Serveranfrage<\/li><li>Browsertyp und Browserversion<\/li><li>Verwendetes Betriebssystem<\/li><li>Referrer URL<\/li><li>Hostname des zugreifenden Rechners<\/li><li>IP-Adresse<\/li><\/ul>\n\n\n\n<p>Es findet\nkeine Zusammenf\u00fchrung dieser Daten mit anderen Datenquellen statt. Grundlage\nder Datenverarbeitung bildet Art. 6 Abs. 1 lit. b DSGVO, der die Verarbeitung\nvon Daten zur Erf\u00fcllung eines Vertrags oder vorvertraglicher Ma\u00dfnahmen\ngestattet.<\/p>\n\n\n\n<p><strong>Daten\u00fcbermittlung\nbei Vertragsschluss f\u00fcr Warenkauf und Warenversand<\/strong><\/p>\n\n\n\n<p>Personenbezogene\nDaten werden nur an Dritte nur \u00fcbermittelt, sofern eine Notwendigkeit im Rahmen\nder Vertragsabwicklung besteht. Dritte k\u00f6nnen beispielsweise\nBezahldienstleister oder Logistikunternehmen sein. Eine weitergehende\n\u00dcbermittlung der Daten findet nicht statt bzw. nur dann, wenn Sie dieser\nausdr\u00fccklich zugestimmt haben.<\/p>\n\n\n\n<p>Grundlage f\u00fcr\ndie Datenverarbeitung ist Art. 6 Abs. 1 lit. b DSGVO, der die Verarbeitung von\nDaten zur Erf\u00fcllung eines Vertrags oder vorvertraglicher Ma\u00dfnahmen gestattet.<\/p>\n\n\n\n<p><strong>Registrierung auf dieser Website<\/strong><\/p>\n\n\n\n<p>Zur Nutzung bestimmter Funktionen k\u00f6nnen Sie sich auf unserer\nWebsite registrieren. Die \u00fcbermittelten Daten dienen ausschlie\u00dflich zum Zwecke\nder Nutzung des jeweiligen Angebotes oder Dienstes. Bei der Registrierung\nabgefragte Pflichtangaben sind vollst\u00e4ndig anzugeben. Andernfalls werden wir\ndie Registrierung ablehnen.<\/p>\n\n\n\n<p>Im Falle wichtiger \u00c4nderungen, etwa aus technischen Gr\u00fcnden,\ninformieren wir Sie per E-Mail. Die E-Mail wird an die Adresse versendet, die\nbei der Registrierung angegeben wurde.<\/p>\n\n\n\n<p>Die Verarbeitung der bei der Registrierung eingegebenen Daten\nerfolgt auf Grundlage Ihrer Einwilligung (Art. 6 Abs. 1 lit. a DSGVO). Ein\nWiderruf Ihrer bereits erteilten Einwilligung ist jederzeit m\u00f6glich. F\u00fcr den\nWiderruf gen\u00fcgt eine formlose Mitteilung per E-Mail. Die Rechtm\u00e4\u00dfigkeit der\nbereits erfolgten Datenverarbeitung bleibt vom Widerruf unber\u00fchrt.<\/p>\n\n\n\n<p>Wir speichern die bei der Registrierung erfassten Daten w\u00e4hrend\ndes Zeitraums, den Sie auf unserer Website registriert sind. Ihren Daten werden\ngel\u00f6scht, sollten Sie Ihre Registrierung aufheben. Gesetzliche\nAufbewahrungsfristen bleiben unber\u00fchrt.<\/p>\n\n\n\n<p><strong>Kontaktformular<\/strong><\/p>\n\n\n\n<p>Per\nKontaktformular \u00fcbermittelte Daten werden einschlie\u00dflich Ihrer Kontaktdaten\ngespeichert, um Ihre Anfrage bearbeiten zu k\u00f6nnen oder um f\u00fcr Anschlussfragen\nbereitzustehen. Eine Weitergabe dieser Daten findet ohne Ihre Einwilligung\nnicht statt.<\/p>\n\n\n\n<p>Die\nVerarbeitung der in das Kontaktformular eingegebenen Daten erfolgt\nausschlie\u00dflich auf Grundlage Ihrer Einwilligung (Art. 6 Abs. 1 lit. a DSGVO).\nEin Widerruf Ihrer bereits erteilten Einwilligung ist jederzeit m\u00f6glich. F\u00fcr\nden Widerruf gen\u00fcgt eine formlose Mitteilung per E-Mail. Die Rechtm\u00e4\u00dfigkeit der\nbis zum Widerruf erfolgten Datenverarbeitungsvorg\u00e4nge bleibt vom Widerruf\nunber\u00fchrt.<\/p>\n\n\n\n<p>\u00dcber das\nKontaktformular \u00fcbermittelte Daten verbleiben bei uns, bis Sie uns zur L\u00f6schung\nauffordern, Ihre Einwilligung zur Speicherung widerrufen oder keine\nNotwendigkeit der Datenspeicherung mehr besteht. Zwingende gesetzliche\nBestimmungen &#8211; insbesondere Aufbewahrungsfristen &#8211; bleiben unber\u00fchrt.<\/p>\n\n\n\n<p><strong>Speicherdauer von Beitr\u00e4gen und Kommentaren<\/strong><\/p>\n\n\n\n<p>Beitr\u00e4ge und Kommentare sowie damit in Verbindung stehende Daten,\nwie beispielsweise IP-Adressen, werden gespeichert. Der Inhalt verbleibt auf\nunserer Website, bis er vollst\u00e4ndig gel\u00f6scht wurde oder aus rechtlichen Gr\u00fcnden\ngel\u00f6scht werden musste.<\/p>\n\n\n\n<p>Die Speicherung der Beitr\u00e4ge und Kommentare erfolgt auf Grundlage\nIhrer Einwilligung (Art. 6 Abs. 1 lit. a DSGVO). Ein Widerruf Ihrer bereits\nerteilten Einwilligung ist jederzeit m\u00f6glich. F\u00fcr den Widerruf gen\u00fcgt eine\nformlose Mitteilung per E-Mail. Die Rechtm\u00e4\u00dfigkeit bereits erfolgter\nDatenverarbeitungsvorg\u00e4nge bleibt vom Widerruf unber\u00fchrt.<\/p>\n\n\n\n<p><strong>Cookies<\/strong><\/p>\n\n\n\n<p>Unsere Website\nverwendet Cookies. Das sind kleine Textdateien, die Ihr Webbrowser auf Ihrem\nEndger\u00e4t speichert. Cookies helfen uns dabei, unser Angebot nutzerfreundlicher,\neffektiver und sicherer zu machen. <\/p>\n\n\n\n<p>Einige Cookies sind \u201cSession-Cookies.\u201d Solche Cookies werden\nnach Ende Ihrer Browser-Sitzung von selbst gel\u00f6scht. Hingegen bleiben andere\nCookies auf Ihrem Endger\u00e4t bestehen, bis Sie diese selbst l\u00f6schen. Solche\nCookies helfen uns, Sie bei R\u00fcckkehr auf unserer Website wiederzuerkennen.<\/p>\n\n\n\n<p>Mit einem\nmodernen Webbrowser k\u00f6nnen Sie das Setzen von Cookies \u00fcberwachen, einschr\u00e4nken\noder unterbinden. Viele Webbrowser lassen sich so konfigurieren, dass Cookies\nmit dem Schlie\u00dfen des Programms von selbst gel\u00f6scht werden. Die Deaktivierung\nvon Cookies kann eine eingeschr\u00e4nkte Funktionalit\u00e4t unserer Website zur Folge\nhaben.<\/p>\n\n\n\n<p>Das Setzen von\nCookies, die zur Aus\u00fcbung elektronischer Kommunikationsvorg\u00e4nge oder der\nBereitstellung bestimmter, von Ihnen erw\u00fcnschter Funktionen (z.B. Warenkorb)\nnotwendig sind, erfolgt auf Grundlage von Art. 6 Abs. 1 lit. f DSGVO. Als\nBetreiber dieser Website haben wir ein berechtigtes Interesse an der Speicherung\nvon Cookies zur technisch fehlerfreien und reibungslosen Bereitstellung unserer\nDienste. Sofern die Setzung anderer Cookies (z.B. f\u00fcr Analyse-Funktionen)\nerfolgt, werden diese in dieser Datenschutzerkl\u00e4rung separat behandelt.<\/p>\n\n\n\n<p><strong>Google\nAnalytics<\/strong><\/p>\n\n\n\n<p>Unsere Website\nverwendet Funktionen des Webanalysedienstes Google Analytics. Anbieter des\nWebanalysedienstes ist die Google Inc., 1600 Amphitheatre Parkway, Mountain\nView, CA 94043, USA.<\/p>\n\n\n\n<p>Google\nAnalytics verwendet &#8222;Cookies.&#8220; Das sind kleine Textdateien, die Ihr\nWebbrowser auf Ihrem Endger\u00e4t speichert und eine Analyse der Website-Benutzung\nerm\u00f6glichen. Mittels Cookie erzeugte Informationen \u00fcber Ihre Benutzung unserer\nWebsite werden an einen Server von Google \u00fcbermittelt und dort gespeichert.\nServer-Standort ist im Regelfall die USA.<\/p>\n\n\n\n<p>Das Setzen von\nGoogle-Analytics-Cookies erfolgt auf Grundlage von Art. 6 Abs. 1 lit. f DSGVO.\nAls Betreiber dieser Website haben wir &nbsp;ein berechtigtes Interesse an der\nAnalyse des Nutzerverhaltens, um unser Webangebot und ggf. auch Werbung zu optimieren.<\/p>\n\n\n\n<p>IP-Anonymisierung<\/p>\n\n\n\n<p>Wir setzen\nGoogle Analytics in Verbindung mit der Funktion IP-Anonymisierung ein. Sie\ngew\u00e4hrleistet, dass Google Ihre IP-Adresse innerhalb von Mitgliedstaaten der\nEurop\u00e4ischen Union oder in anderen Vertragsstaaten des Abkommens \u00fcber den\nEurop\u00e4ischen Wirtschaftsraum vor der \u00dcbermittlung in die USA k\u00fcrzt. Es kann\nAusnahmef\u00e4lle geben, in denen Google die volle IP-Adresse an einen Server in\nden USA \u00fcbertr\u00e4gt und dort k\u00fcrzt. In unserem Auftrag wird Google diese\nInformationen benutzen, um Ihre Nutzung der Website auszuwerten, um Reports\n\u00fcber Websiteaktivit\u00e4ten zu erstellen und um weitere mit der Websitenutzung und\nder Internetnutzung verbundene Dienstleistungen gegen\u00fcber uns zu erbringen. Es\nfindet keine Zusammenf\u00fchrung der von Google Analytics \u00fcbermittelten IP-Adresse\nmit anderen Daten von Google statt.<\/p>\n\n\n\n<p>Browser Plugin<\/p>\n\n\n\n<p>Das Setzen von\nCookies durch Ihren Webbrowser ist verhinderbar. Einige Funktionen unserer\nWebsite k\u00f6nnten dadurch jedoch eingeschr\u00e4nkt werden. Ebenso k\u00f6nnen Sie die Erfassung\nvon Daten bez\u00fcglich Ihrer Website-Nutzung einschlie\u00dflich Ihrer IP-Adresse\nmitsamt anschlie\u00dfender Verarbeitung durch Google unterbinden. Dies ist m\u00f6glich,\nindem Sie das \u00fcber folgenden Link erreichbare Browser-Plugin herunterladen und\ninstallieren: <a href=\"https:\/\/tools.google.com\/dlpage\/gaoptout?hl=de\">https:\/\/tools.google.com\/dlpage\/gaoptout?hl=de<\/a>.<\/p>\n\n\n\n<p>Widerspruch\ngegen die Datenerfassung<\/p>\n\n\n\n<p>Sie k\u00f6nnen die\nErfassung Ihrer Daten durch Google Analytics verhindern, indem Sie auf\nfolgenden Link klicken. Es wird ein Opt-Out-Cookie gesetzt, der die Erfassung\nIhrer Daten bei zuk\u00fcnftigen Besuchen unserer Website verhindert: Google\nAnalytics deaktivieren.<\/p>\n\n\n\n<p>Einzelheiten\nzum Umgang mit Nutzerdaten bei Google Analytics finden Sie in der\nDatenschutzerkl\u00e4rung von Google: <a href=\"https:\/\/support.google.com\/analytics\/answer\/6004245?hl=de\">https:\/\/support.google.com\/analytics\/answer\/6004245?hl=de<\/a>.<\/p>\n\n\n\n<p>Auftragsverarbeitung<\/p>\n\n\n\n<p>Zur\nvollst\u00e4ndigen Erf\u00fcllung der gesetzlichen Datenschutzvorgaben haben wir mit\nGoogle einen Vertrag \u00fcber die Auftragsverarbeitung abgeschlossen.<\/p>\n\n\n\n<p>Demografische\nMerkmale bei Google Analytics<\/p>\n\n\n\n<p>Unsere Website\nverwendet die Funktion \u201cdemografische Merkmale\u201d von Google Analytics. Mit ihr\nlassen sich Berichte erstellen, die Aussagen zu Alter, Geschlecht und Interessen\nder Seitenbesucher enthalten. Diese Daten stammen aus interessenbezogener\nWerbung von Google sowie aus Besucherdaten von Drittanbietern. Eine Zuordnung\nder Daten zu einer bestimmten Person ist nicht m\u00f6glich. Sie k\u00f6nnen diese\nFunktion jederzeit deaktivieren. Dies ist \u00fcber die Anzeigeneinstellungen in\nIhrem Google-Konto m\u00f6glich oder indem Sie die Erfassung Ihrer Daten durch\nGoogle Analytics, wie im Punkt \u201cWiderspruch gegen die Datenerfassung\u201d\nerl\u00e4utert, generell untersagen.<\/p>\n\n\n\n<p><strong>Google AdSense<\/strong><\/p>\n\n\n\n<p>Unsere Website verwendet Google AdSense. Anbieter ist die Google\nInc., 1600 Amphitheatre Parkway, Mountain View, CA 94043, USA.<\/p>\n\n\n\n<p>Google AdSense dient der Einbindung von Werbeanzeigen und setzt\nCookies. Cookies sind kleine Textdateien, die Ihr Webbrowser auf Ihrem Endger\u00e4t\nspeichert, um die Nutzung der Website analysieren. Google AdSense setzt\nau\u00dferdem Web Beacons ein. Web Beacons sind unsichtbare Grafiken, die eine\nAnalyse des Besucherverkehrs auf unserer Wesite erm\u00f6glichen.<\/p>\n\n\n\n<p>Durch Cookies und Web Beacons erzeugten Informationen werden an\nServer von Google \u00fcbertragen und dort gespeichert. Serverstandort sind die USA.\nGoogle kann diese Informationen an Vertragspartner weiterreichen. Ihre\nIP-Adresse wird Google jedoch nicht mit anderen von Ihnen gespeicherten Daten\nzusammenf\u00fchren.<\/p>\n\n\n\n<p>Die Speicherung von AdSense-Cookies erfolgt auf Grundlage von\nArt. 6 Abs. 1 lit. f DSGVO. Wir als Websitebetreiber haben ein berechtigtes\nInteresse an der Analyse des Nutzerverhaltens, um unser Webangebot und unsere\nWerbung zu optimieren.<\/p>\n\n\n\n<p>Mit einem modernen Webbrowser k\u00f6nnen Sie das Setzen von Cookies\n\u00fcberwachen, einschr\u00e4nken und unterbinden. Die Deaktivierung von Cookies kann\neine eingeschr\u00e4nkte Funktionalit\u00e4t unserer Website zur Folge haben. Durch die\nNutzung unserer Website erkl\u00e4ren Sie sich mit der Bearbeitung der \u00fcber Sie\nerhobenen Daten durch Google in der zuvor beschriebenen Art und Weise sowie dem\nzuvor benannten Zweck einverstanden.<\/p>\n\n\n\n<p><strong>Google AdWords und Google Conversion-Tracking<\/strong><\/p>\n\n\n\n<p>Unsere Website verwendet Google AdWords. Anbieter ist die Google\nInc., 1600 Amphitheatre Parkway, Mountain View, CA 94043, United States.<\/p>\n\n\n\n<p>AdWords ist ein Online-Werbeprogramm. Im Rahmen des\nOnline-Werbeprogramms arbeiten wir mit Conversion-Tracking. Nach einem Klick\nauf eine von Google geschaltete Anzeige wird ein Cookie f\u00fcr das\nConversion-Tracking gesetzt. Cookies sind kleine Textdateien, die Ihr\nWebbrowser auf Ihrem Endger\u00e4t speichert. Google AdWords Cookies verlieren nach\n30 Tagen ihre G\u00fcltigkeit und dienen nicht der pers\u00f6nlichen Identifizierung der\nNutzer. Am Cookie k\u00f6nnen Google und wir erkennen, dass Sie auf eine Anzeige\ngeklickt haben und zu unserer Website weitergeleitet wurden.<\/p>\n\n\n\n<p>Jeder Google AdWords-Kunde erh\u00e4lt ein anderes Cookie. Die Cookies\nsind nicht \u00fcber Websites von AdWords-Kunden nachverfolgbar. Mit Conversion-Cookies\nwerden Conversion-Statistiken f\u00fcr AdWords-Kunden, die Conversion-Tracking\neinsetzen, erstellt. Adwords-Kunden erfahren wie viele Nutzer auf ihre Anzeige\ngeklickt haben und auf Seiten mit Conversion-Tracking-Tag weitergeleitet\nwurden. AdWords-Kunden erhalten jedoch keine Informationen, die eine\npers\u00f6nliche Identifikation der Nutzer erm\u00f6glichen. Wenn Sie nicht am Tracking\nteilnehmen m\u00f6chten, k\u00f6nnen Sie einer Nutzung widersprechen. Hier ist das\nConversion-Cookie in den Nutzereinstellungen des Browsers zu deaktivieren. So\nfindet auch keine Aufnahme in die Conversion-Tracking Statistiken statt.<\/p>\n\n\n\n<p>Die Speicherung von \u201cConversion-Cookies\u201d erfolgt auf Grundlage\nvon Art. 6 Abs. 1 lit. f DSGVO. Wir als Websitebetreiber haben ein berechtigtes\nInteresse an der Analyse des Nutzerverhaltens, um unser Webangebot und unsere\nWerbung zu optimieren.<\/p>\n\n\n\n<p>Einzelheiten zu Google AdWords und Google Conversion-Tracking\nfinden Sie in den Datenschutzbestimmungen von Google: <a href=\"https:\/\/www.google.de\/policies\/privacy\/\">https:\/\/www.google.de\/policies\/privacy\/<\/a>.<\/p>\n\n\n\n<p>Mit einem modernen Webbrowser k\u00f6nnen Sie das Setzen von Cookies\n\u00fcberwachen, einschr\u00e4nken oder unterbinden. Die Deaktivierung von Cookies kann\neine eingeschr\u00e4nkte Funktionalit\u00e4t unserer Website zur Folge haben.<\/p>\n\n\n\n<p><strong>Google\nWeb Fonts<\/strong><\/p>\n\n\n\n<p>Unsere Website\nverwendet Web Fonts von Google. Anbieter ist die\nGoogle Inc., 1600 Amphitheatre Parkway, Mountain\n  View, CA 94043,\n USA.<\/p>\n\n\n\n<p>Durch den\nEinsatz dieser Web Fonts wird es m\u00f6glich Ihnen die von uns gew\u00fcnschte\nDarstellung unserer Website zu pr\u00e4sentieren, unabh\u00e4ngig davon welche Schriften\nIhnen lokal zur Verf\u00fcgung stehen. Dies erfolgt \u00fcber den Abruf der Google Web\nFonts von einem Server von Google in den USA und der damit verbundenen\nWeitergabe Ihre Daten an Google. Dabei handelt es sich um Ihre IP-Adresse und\nwelche Seite Sie bei uns besucht haben. Der Einsatz von Google Web Fonts\nerfolgt auf Grundlage von Art. 6 Abs. 1 lit. f DSGVO. Als Betreiber dieser\nWebsite haben wir ein berechtigtes Interesse an der optimalen Darstellung und\n\u00dcbertragung unseres Webauftritts.<\/p>\n\n\n\n<p>Das\nUnternehmen Google ist f\u00fcr das us-europ\u00e4ische Datenschutz\u00fcbereinkommen\n&#8222;Privacy Shield&#8220; zertifiziert. Dieses Datenschutz\u00fcbereinkommen soll\ndie Einhaltung des in der EU geltenden Datenschutzniveaus gew\u00e4hrleisten.<\/p>\n\n\n\n<p>Einzelheiten\n\u00fcber Google Web Fonts finden Sie unter: <a href=\"https:\/\/www.google.com\/fonts#AboutPlace:about\">https:\/\/www.google.com\/fonts#AboutPlace:about<\/a>\nund weitere Informationen in den Datenschutzbestimmungen von Google: <a href=\"https:\/\/policies.google.com\/privacy\/partners?hl=de\">https:\/\/policies.google.com\/privacy\/partners?hl=de<\/a><\/p>\n\n\n\n<p>Quelle:\nDatenschutz-Konfigurator von <a href=\"http:\/\/www.mein-datenschutzbeauftragter.de\" target=\"_blank\" rel=\"noreferrer noopener\">mein-datenschutzbeauftragter.de<\/a><\/p>\n","protected":false},"excerpt":{"rendered":"<p>Allgemeiner Hinweis und Pflichtinformationen Benennung der verantwortlichen Stelle Die verantwortliche Stelle f\u00fcr die Datenverarbeitung auf dieser Website ist: Wormuth Immobilien Marketing &amp; HomestagingSilke WormuthTrainerweg 615366 Hoppegarten Telefon: +49 (0) 173 239 84 78Email: wormuth.silke@web.de Die verantwortliche Stelle entscheidet allein oder gemeinsam mit anderen \u00fcber die Zwecke und Mittel der Verarbeitung von personenbezogenen Daten (z.B. Namen, &hellip; <\/p>\n<p class=\"link-more\"><a href=\"https:\/\/wormuthimmobilien.de\/?page_id=180\" class=\"more-link\"><span class=\"screen-reader-text\">\u201eDatenschutzerkl\u00e4rung\u201c <\/span>weiterlesen<\/a><\/p>\n","protected":false},"author":1,"featured_media":0,"parent":0,"menu_order":0,"comment_status":"closed","ping_status":"closed","template":"","meta":{"footnotes":""},"class_list":["post-180","page","type-page","status-publish","hentry"],"_links":{"self":[{"href":"https:\/\/wormuthimmobilien.de\/index.php?rest_route=\/wp\/v2\/pages\/180","targetHints":{"allow":["GET"]}}],"collection":[{"href":"https:\/\/wormuthimmobilien.de\/index.php?rest_route=\/wp\/v2\/pages"}],"about":[{"href":"https:\/\/wormuthimmobilien.de\/index.php?rest_route=\/wp\/v2\/types\/page"}],"author":[{"embeddable":true,"href":"https:\/\/wormuthimmobilien.de\/index.php?rest_route=\/wp\/v2\/users\/1"}],"replies":[{"embeddable":true,"href":"https:\/\/wormuthimmobilien.de\/index.php?rest_route=%2Fwp%2Fv2%2Fcomments&post=180"}],"version-history":[{"count":4,"href":"https:\/\/wormuthimmobilien.de\/index.php?rest_route=\/wp\/v2\/pages\/180\/revisions"}],"predecessor-version":[{"id":230,"href":"https:\/\/wormuthimmobilien.de\/index.php?rest_route=\/wp\/v2\/pages\/180\/revisions\/230"}],"wp:attachment":[{"href":"https:\/\/wormuthimmobilien.de\/index.php?rest_route=%2Fwp%2Fv2%2Fmedia&parent=180"}],"curies":[{"name":"wp","href":"https:\/\/api.w.org\/{rel}","templated":true}]}}